 value of 8 + (-14 - (-11 - -6))?
-1
Evaluate (-1 + 0 - -3) + -3.
-1
Calculate 9 + 2 - 15 - (-6 + 0).
2
-4 - (-1 + (-6 - -3))
0
What is (8 - 19) + 11 + 1?
1
Calculate 4 + -4 - -3 - (-4 - -6).
1
-5 - -13 - (0 + 12)
-4
Evaluate 1 - (4 + -2 + -1) - -4.
4
Calculate 2 + -17 - ((-6 - -4) + -2).
-11
Evaluate -10 + -1 + 17 + -9.
-3
What is 6 + 1 + -5 + (7 - 13)?
-4
Calculate (-3 + -1 - -6) + -2 - -4.
4
Calculate -4 + (2 - (3 + -3)).
-2
Calculate 7 - -1 - (-96 - -101).
3
4 - ((-1 + -4 - -2) + 1)
6
What is the value of 10 - (3 + -1 + 3)?
5
Evaluate -5 + (18 - 6) - 10.
-3
15 + (3 + -8 - 4)
6
Evaluate 5 + (-8 + 3 - 5).
-5
Calculate -7 - -2 - (2 - 5 - -1).
-3
What is 1 - -10 - (51 + -39)?
-1
What is the value of 6 - (14 + -21 - -10)?
3
Calculate 1 - (-9 - -13 - (-3 - 0)).
-6
What is the value of -5 + 3 + -7 - -15?
6
Calculate -8 + -7 + (-1 - -13 - 1).
-4
5 - -2 - (3 - -9)
-5
23 + -20 + (2 - 0)
5
What is -14 + -12 + 21 + 0 + -1?
-6
Calculate (3 + (-9 - 0) - -2) + 10.
6
What is 2 + (-7 - (8 - 9))?
-4
What is the value of -1 - (-11 - -2) - (-2 + 5)?
5
What is the value of (7 - (7 + -1)) + -1?
0
13 - (6 - 5) - 7
5
Evaluate (-8 - -4) + 7 + 2.
5
Evaluate 8 + -11 - (2 - -2 - 2).
-5
What is -4 + 9 + -2 + -2?
1
5 - (7 - (-4 - -4)) - -4
2
0 - 3 - -6 - -1 - 3
1
-4 + 3 + 2 + (2 - 0)
3
Evaluate 38 + -32 + -8 + (-1 - -1).
-2
What is the value of (-5 - -4 - -4) + (-1 - 1)?
1
Evaluate 1 + (-9 - -4 - -1).
-3
-1 - (-3 + 11) - -5
-4
-1 + -13 - (21 - 34)
-1
What is the value of -1 - 2 - (0 + -2)?
-1
-1 - (-1 - (-10 - (-2 - 5)))
-3
What is -4 - (-2 - (0 - 0 - -1))?
-1
8 + -9 + 8 - 9 - 1
-3
Calculate -6 - (-12 - -5) - (8 + 0).
-7
What is the value of 0 + 4 + -4 + 5?
5
What is the value of (16 - 5) + -5 - 4?
2
What is -9 - (-6 - 1) - -3?
1
What is the value of -4 - (-3 + (-3 - 1))?
3
What is the value of -6 - (3 + (2 - 7))?
-4
What is the value of 2 + (-6 - (2 + -4) - 3)?
-5
Calculate -4 + 8 - 12 - (-12 - -9).
-5
1 - (3 - (5 - 1))
2
Calculate -1 + 0 + -4 + (5 - 1).
-1
What is (0 - 2) + 6 + -8?
-4
Calculate -1 - 5 - (-7 + 11 + -7).
-3
What is the value of -9 - (5 - (16 + -5))?
-3
(13 + -11 - (3 + -4)) + -2
1
Evaluate -147 + 142 - (-2 - (-1 - 0)).
-4
Evaluate -7 + (8 - (8 + -12)).
5
What is the value of -1 - (-3 - (-2 - (-3 - -3)))?
0
Calculate -16 + (8 - 2) - -17.
7
Calculate 3 - 0 - (60 - 58).
1
What is -10 + -1 + 4 + 5?
-2
(2 - -1) + -1 + -3 + 4
3
Evaluate -12 - (-11 + (4 - 0) + 1).
-6
4 - 7 - 3 - (0 + -1)
-5
What is (6 - 30) + 12 + 11?
-1
Evaluate 5 + -15 - -5 - -1.
-4
What is the value of 0 + 1 + -1 + (-2 - 0)?
-2
Calculate (-4 - (12 + -20)) + 1.
5
Calculate 6 + -5 - (-2 + -1).
4
(1 - 0) + -1 + 3 + -7
-4
Evaluate (-1 - (8 + -15)) + 5.
11
What is (-1 - 6) + (3 - 0) - -3?
-1
What is the value of -6 + 5 - (5 + -2) - -8?
4
Calculate -20 + 16 + 4 + 1.
1
What is the value of 2 - ((-2 - 0) + -8 + 12)?
0
What is the value of 0 + (-1 - 1) + -38 + 39?
-1
What is -19 + 20 - (-1 - -1)?
1
What is -3 - (1 + -10 + (15 - 10))?
1
What is the value of 7 - ((-2 - -5) + 2)?
2
What is -7 - (-1 - (-1 + 3 - 0))?
-4
Calculate -2 - (-4 - 1 - -6) - -9.
6
Calculate 33 - 21 - (0 - -3).
9
Calculate 1 + -8 + 1 + 1 + -1.
-6
Evaluate -7 + 4 + (1 - 3).
-5
Calculate (111 - 113) + 2 + (0 - 1).
-1
-10 - -1 - (1 - -2) - -5
-7
What is -4 - (1 - (3 - -2)) - -4?
4
Evaluate 3 + (-11 - -5) + (1 - 0).
-2
What is 8 + 1 + -12 + 6 + -4?
-1
0 + -7 + -22 + 23 - -2
-4
What is the value of -10 + 6 + -3 + -3 + 5?
-5
What is the value of 0 + -2 - (-2 - -6) - 0?
-6
Calculate (-5 - -1) + 2 + -2 + 0.
-4
Evaluate -1 + 3 + 0 + 1 + -1.
2
What is (-2 - 3) + -7 + 12 + 3?
3
What is -1 + 0 + (-29 - -27)?
-3
Evaluate 6 - 10 - (-16 + 10).
2
What is the value of 16 + -19 + (-3 - (-7 - 2))?
3
0 + 3 + 0 + 1 + 2
6
(-13 - -9) + -1 - (1 - 2)
-4
What is (9 - 1) + (-14 - -4)?
-2
What is 6 - 5 - (1 + 1)?
-1
Evaluate 6 - (-1 - 2) - 6.
3
-1 + (-6 - (-14 - -7) - 5)
-5
Calculate -2 + -1 + 2 - 3.
-4
What is the value of -2 + 3 + -4 + (1 - 0)?
-2
Evaluate -8 - (-15 - (-7 + -2)).
-2
-2 + (-1 - ((9 - 5) + -3))
-4
2 - (-3 + 0 + (-3 - -13))
-5
3 - (10 + 3 + -5)
-5
Evaluate 0 - (9 + -2 + 0).
-7
What is the value of -2 - (4 + (-6 + 2 - -1))?
-3
-1 + (10 - 5 - (-2 + 1))
5
What is the value of -2 + 0 + 10 + -3?
5
Evaluate (0 - 0) + (-2 - (-2 + -3)).
3
What is (3 - 9) + -1 + 1?
-6
Calculate 1 + 0 - ((4 - 6) + 2).
1
Calculate 3 + 0 + (-1 - 0).
2
What is the value of (-7 - (-11 - -1)) + -8?
-5
Evaluate (-2 - (1 + 1)) + 4.
0
14 + (2 - 4) + -4 + -4
4
12 + -6 - 8 - 2
-4
What is (0 - (-1 - 4)) + (0 - 2)?
3
5 + -1 + (14 - 11 - 4)
3
Evaluate -3 + 7 + -21 + 17.
0
(3 - 8 - (0 + -1)) + 8
4
-3 - (-2 + -12 + 6) - 5
0
What is the value of -1 - -3 - 0 - (1 + 1)?
0
What is the value of (0 - -1) + 1 + (-5 - -5)?
2
What is the value of 4 - (6 + (2 - 2))?
-2
What is (5 - 16) + 5 + (2 - 0)?
-4
-15 + 29 - (1 - -7)
6
What is 1 - 6 - ((8 - 1) + -11)?
-1
What is the value of -1 - (14 - (-10 - -27))?
2
Evaluate -1 - (1 - (7 + -4)).
1
What is (5 + -6 - 0) + 4?
3
Evaluate 10 + -19 + (6 - 0).
-3
-1 - -5 - (5 + -4 - -2)
1
Evaluate -7 - -1 - (-1 - 1).
-4
What is 38 - 40 - (0 - 4)?
2
Calculate 11 - (7 + -12 - -8).
8
1 - ((14 - 12) + 1 + -1)
-1
-3 - 2 - 1 - -4
-2
(-5 - (4 - 6)) + 6
3
Calculate 1 + 1 + 0 + -1.
1
0 + (7 - 3 - 5)
-1
What is -6 + (-7 + 1 - -9)?
-3
Calculate (-11 - -7 - -9) + -3.
2
Evaluate (-3 - (-2 + -7)) + (-12 - 4).
-10
Calculate -1 + -9 + 5 + 9.
4
Calculate 10 + 12 + -7 + -18.
-3
Evaluate (4 - 5) + (1 - -3).
3
What is (2 + 1 - 6) + 5?
2
What is 0 - (3 - (-4 + -1 - -14))?
6
What is -6 + 6 + (3 - 0) + -1?
2
Calculate 3 - (-5 + (11 - 2)).
-1
Calculate (6 - (2 - -2)) + (0 - -4).
6
Evaluate -1 + (2 - 5) + 1 + -2.
-5
Evaluate (22 + -13 - 19) + -1 + 1.
-10
27 + -11 - 7 - (8 + -2)
3
What is -4 + 2 - (5 + -6) - -6?
5
-17 - -21 - (3 + 0)
1
Calculate (3 - 8) + 0 - -4.
-1
Calculate -1 + 3 + -3 + (-5 - -1).
-5
What is the value of (1 - 4 - 1) + (-16 - -16)?
-4
What is the value of 6 - (0 - 1) - (-5 - -10)?
2
What is the value of 0 + 3 + 3 + -2?
4
What is -3 - (-5 + -5) - 3?
4
Calculate 3 + -1 + 7 - (-10 - -13).
6
Calculate -1 + 2 + -5 + 2.
-2
What is the value of 2 + -2 - (0 + -1) - -2?
3
(-1 - -3 - 0) + -15 + 13
0
What is the value of 0 + -8 + 0 - -4?
-4
15 - (16 + -5) - (1 + 3)
0
-2 + 2 + 44 + -44
0
Calculate (0 - (6 - 3)) + -2 - 2.
-7
What is (12 - 18) + 13 + -5?
2
8 + -28 + 7 - -3
-10
Evaluate -3 + 1 + 3 - (-3 - -7).
-3
Calculate 1 + 6 + -16 + 4.
-5
Calculate 2 + -3 + -2 + 4 + -5.
-4
What is the value of 9 - 11 - (0 - -2 - 0)?
-4
What is the value of (1 - -1) + 28 + -36?
-6
Calculate -2 + -2 - (-11 - -5 - -6).
-4
Calculate -1 + -1 + (-2 - 11 - -10).
-5
-5 - (-4 + 1 + 5 + -4)
-3
What is 1 - (-2 + (-3 - -4))?
2
2 - 6 - (-6 - -4)
-2
What is -5 - (-5 + 3 + (5 - 2))?
-6
What is -1 - ((4 - 5) + -3 - -3)?
0
-24 + (1 - -12) + 3
-8
Evaluate -5 - (2 - (4 - -1) - 0).
-2
Evaluate 6 - (0 + 3 + -1).
4
What is the value of (-6 - (7 - 4)) + 4?
-5
Calculate 2 + 0 + 9 + -2 + -13.
-4
What is the value of 2 + -2 - -6 - (-9 - -9)?
6
Evaluate -3 + 1 + -3 - -1 - 2.
-6
Evaluate (-25 - -10 - -6) + 12.
3
Calculate -5 + (9 - 4) + 2.
2
What is (3 - 5 - -1) + -1 + -2?
-4
26 - 37 - (-5 + 1)
-7
Evaluate (-1 - -5) + (-2 - (0 - -6)).
-4
Calculate -3 + 3 + 4 - -1.
5
Calculate (-1 - -9) + (0 - 11).
-3
What is the value of -10 + 4 + (17 - 10)?
1
Evaluate -23 + 28 - (1 - -1 - -2).
1
Evaluate 4 + (-1 - -1) + 2 + -4.
2
Calculate 1 + 3 + (1 - 2) + -9.
-6
What is 1 - (2 + 0) - (-3 + -2)?
4
What is -3 - ((-4 - -1) + -4 - -3)?
1
29 + -26 - (3 + -1)
1
Calculate (-7 - -2 - -5) + 6 + -5.
1
Evaluate -7 + 4 - (0 + -5 + 2).
0
What is -13 - (2 - 1 - (4 + 3))?
-7
Calculate (-17 - -19) + (3 - -2) + -1.
6
Evaluate 9 - 11 - (4 - 1).
-5
Evaluate 6 + (-7 - -3) + (-3 - -2).
1
(1 - 0 - (-6 + 3)) + -2
2
What is the value of -6 + (2 + (-2 - -1) - -2)?
-3
Evaluate 0 - (2 - -5) - -1.
-6
What is 0 - 2 - (7 - 1 - 13)?
5
(18 - 23) + (1 - -6)
2
What is the value of -10 - (-14 - -3 - (5 - 12))?
-6
What is 5 + (1 - (-1 - -6))?
1
Evaluate 9 + (10 - 4 - 7).
8
What is 0 + (1 - (9 - 6))?
-2
What is (-18 - -13) + (11 - 0) + -14?
-8
-1 - (-1 + -2 + -16 + 21)
-3
Calculate (-2 - -9) + -3 - (-2 + 4).
2
What is the value of -4 - -4 - 4 - -3?
-1
What is -15 + 7 - (2 - 11)?
1
What is the value of (12 + -8 - 11) + 3?
-4
Evaluate -10 + 14 + (-1 - 0) + 0.
3
What